sor of c and 2676?
12
Suppose 5*l + 2*r - 71917 = 0, 4*l = -3*r + 35310 + 22218. What is the highest common factor of l and 21?
21
Let l be ((-196)/(-245))/((1/18)/((-30)/(-9))). Let n be ((-6)/(-4))/((-2)/(-224)). Calculate the greatest common divisor of l and n.
24
Let l be (-4)/8 + 6095/46. Suppose 5*y - 296 = -q + 2*y, 5*q + 4*y - 1469 = 0. Let c = q - l. What is the greatest common divisor of 23 and c?
23
Suppose -z - 5268 = -5*g, -5*z + 179 = g - 859. What is the highest common divisor of 243 and g?
81
Let r = 18 - 16. Suppose r = -j - 0*n - 2*n, 4*j = -5*n - 2. Suppose j*y - 7*y + 78 = -3*z, 0 = -2*y - 3*z + 27. What is the greatest common factor of y and 6?
3
Let h = -2623 + 3617. What is the highest common factor of h and 21?
7
Let k(x) = 19*x**2 + 1267*x - 61. Let d be k(-67). Calculate the highest common factor of d and 143.
11
Let k be (0 - (-12 - -1)) + 3. Suppose 4*c - 424 = -340. Calculate the highest common divisor of k and c.
7
Let v(o) = 3*o**2 + 3*o + 175. Let d be v(-10). Calculate the highest common factor of 2848 and d.
89
Let a(d) = -16*d + 1204. Let u be a(-54). Calculate the greatest common factor of 308 and u.
44
Let z = 19271 - 16450. Calculate the greatest common divisor of z and 39.
13
Let o(p) = 6*p**2 - 429*p - 299. Let b be o(90). What is the greatest common factor of b and 11?
11
Let f be 62 + -63 - (-420 - 2). Calculate the highest common factor of 1 and f.
1
Let s(c) be the first derivative of -c**3/3 - 21*c**2/2 + 2*c + 105. Let b be s(-18). What is the highest common divisor of 8 and b?
8
Suppose 3*v - 13 = -4*l, -l - 69 = -67. Calculate the highest common divisor of v and 861.
7
Let d be ((-3)/(-3))/(4/20540). What is the highest common divisor of d and 195?
65
Let u = 499 + -299. Suppose -u*z + 195*z = -980. What is the greatest common factor of 28 and z?
28
Let j be (1 + 9 + -1)*(-3 + 6). Let d = -25 + j. Suppose 3*x = -4*u + 18, 8*u - 4*u - 20 = -d*x. Calculate the highest common divisor of u and 4.
2
Suppose -3*q + 30 = 15*x - 12*x, -2*q + 3*x = 5. Suppose -j + q*p + 522 = 0, 3*p = -2*p - 5. What is the highest common divisor of 22 and j?
11
Suppose 7*d = -d + 504. Let i be (14/d)/(3/54). Suppose -12 = -2*t - 2*y - y, i*y = 2*t - 26. Calculate the greatest common factor of 36 and t.
9
Let n be ((-16)/(-5))/((-14)/(-35)). Let s be (65/(-10))/((-1)/n). Let j be 2 + 0 + 70 - -6. What is the highest common factor of s and j?
26
Suppose 2*t = -t - 5*x + 11, 2*t + x = 5. Let g be 357 - 3/((-18)/(-15))*t. Calculate the highest common divisor of 44 and g.
44
Let j = -2356 - -5736. What is the highest common factor of 20 and j?
20
Let p(f) = 61*f**2 + 757*f + 15. Let i be p(-13). Calculate the greatest common divisor of 184 and i.
23
Suppose 5*c - 128 - 152 = 0. Suppose 8*h = 6*o + 4*h - 2172, 3*h - 1829 = -5*o. Calculate the highest common divisor of c and o.
28
Let l be (-14547)/(-6) + 0 + 6/4 + -6. What is the greatest common factor of 20 and l?
20
Let t be (-62)/(-5) - 4/10. Let z = 101 - 87. Suppose 1661 = z*x + 149. What is the highest common factor of t and x?
12
Let l be 2/(-7) + (-69768)/(-119). What is the greatest common divisor of l and 12599?
293
Let t be 1/((-6)/(-5430)) - (-14)/(-7). Calculate the greatest common divisor of t and 21.
21
Suppose 109*c - 1280 = -51*c. Calculate the highest common divisor of 1784 and c.
8
Let c be (16/12)/((-5)/(-15)). Suppose c*m + 3*w = -0 + 143, 0 = 4*m - 2*w - 138. Calculate the highest common factor of m and 70.
35
Let g be (-3)/2 + 4 + 9/6. Suppose 5*b = 2 + 13. Suppose -4*v = -b*v - 5*k + 19, 4*v - 3*k + 8 = 0. What is the highest common divisor of v and g?
1
Let p(t) = -12 + 15*t**2 + 3*t + 2 - 14*t**2. Let k be p(-8). Suppose -7*n + k = -12. What is the greatest common divisor of 4 and n?
2
Suppose -5 = -5*z, 3*z + 12 = h - 9. Let b be (-3596)/(-32) - -9*(-1)/h. Calculate the highest common divisor of 28 and b.
28
Let g(t) = 10*t**2 - 103*t + 736. Let r be g(7). Calculate the highest common divisor of 10 and r.
5
Suppose -3*o + 5 + 1 = 0. Let h(w) = -w**3 - 9*w**2 + 10*w - 13. Let l be h(-9). Let k = -85 - l. What is the greatest common divisor of o and k?
2
Let w = -17 + 9. Let u(o) = 2*o**2 + 11*o + 1. Let k be u(w). Let x(s) = -30*s - 1393. Let g be x(-56). What is the greatest common factor of k and g?
41
Suppose 4*i - 4448 = -4*h - 760, -3*i = 4*h - 2770. Calculate the greatest common factor of 6 and i.
6
Suppose 5557 = 34*m + 1205. Calculate the greatest common divisor of m and 8576.
128
Let n be 20982/624 - (-2)/((-32)/(-6)). Let h(y) = -y**3 + 32*y**2 + 70*y - 44. Let s be h(n). What is the greatest common divisor of 240 and s?
24
Let x = 311 - 307. Suppose 0 = d - v - 31, -4*d = x*v - v - 96. Calculate the highest common factor of 36 and d.
9
Let v = 27 + -26. Suppose -7 = -4*r + v. Suppose -r*w + 0 + 28 = 2*q, 0 = -3*q + 9. What is the greatest common factor of 33 and w?
11
Suppose -69*s + 37*s = -63*s + 16368. Calculate the greatest common factor of 1496 and s.
88
Let d(h) = -h**3 + 21*h**2 - 93*h - 17. Let x be d(7). What is the highest common divisor of 16 and x?
2
Suppose 7*m = 101 + 347. Suppose -2*j - m + 84 = 0. What is the greatest common divisor of 55 and j?
5
Suppose 2*f - 3*s - 247 = -0*f, 125 = f - s. Let t be (-6)/(-4)*136/34. Let j be t*((-272)/(-153))/(2/3). What is the highest common divisor of f and j?
16
Let n = 1650 - 1441. Calculate the greatest common divisor of 33 and n.
11
Let t = -524 - -580. Let y be 28/5*(-4 + 26/4). Calculate the greatest common factor of y and t.
14
Let u(y) = -y**2 - 227*y - 9968. Let g be u(-125). What is the greatest common factor of g and 26?
26
Let k be 13/(2 - 4/4). Suppose 6*l - k - 5 = 0. Calculate the highest common divisor of l and 1.
1
Let n = 702 + -680. Let o be (-18)/99 - 1456/(-22). What is the greatest common divisor of n and o?
22
Suppose -5*t + t + 126 = 5*c, -3*c - t + 70 = 0. Let g = 106 + c. Calculate the highest common factor of 48 and g.
16
Let u be 61/6 + 56/(-48). Calculate the highest common divisor of u and 33.
3
Suppose 4*r - 1622 = 3*m, -301 - 910 = -3*r + 5*m. Let x = -207 + r. Calculate the highest common divisor of x and 40.
40
Suppose -4*g + 0*i + 3*i - 299 = 0, 0 = i - 1. Let x = -59 - g. Calculate the greatest common factor of x and 300.
15
Let q be (98/20)/(8/80). Let t = -10 + 24. Calculate the greatest common factor of q and t.
7
Let o(t) = t**2 + 677*t - 12222. Let r be o(18). What is the greatest common divisor of r and 7272?
72
Let t(o) = -218*o + 4408. Let s be t(19). Let x(b) = -37*b**2 - b - 1. Let g be x(-1). Let c be 0/4 - (-1 + g). Calculate the highest common factor of c and s.
38
Let r = -3782 + 4502. Calculate the greatest common factor of 135 and r.
45
Suppose 37*q + 11*q = 144. What is the highest common divisor of 96 and q?
3
Let g be (50 - 49) + 1028/2. Let k = 516 - g. What is the highest common divisor of k and 83?
1
Let q be (2 - (-3278)/(-6))/(25/600*-4). What is the highest common divisor of 284 and q?
142
Let y(c) = c**2 - 148*c + 3278. Let p be y(27). What is the greatest common factor of 451 and p?
11
Let p be 40/6*(-6 - -3) - 5. Let s be -5*10/p - (1 - 208). Calculate the greatest common factor of s and 19.
19
Let g = 481 + -479. What is the highest common divisor of g and 306?
2
Let q be 15/(7 - 3 - (-2 + 3)). Suppose -4*p - 400 = -2*a, q*p - 644 = -3*a - 0*a. What is the greatest common factor of 26 and a?
26
Let k(r) = -r**2 + 6*r + 546. Let o be k(26). What is the greatest common factor of o and 26?
26
Let s be (((-72)/40)/(-9))/((-4)/(-8060)). Let g = 135 + -104. Calculate the greatest common factor of s and g.
31
Suppose 0 = 2*s - 2*p - 2*p, 5*p = -s. Let n be (-14)/(-4)*(s + 300/35). Calculate the highest common factor of 60 and n.
30
Let o be -5*-22*1/10. Let k(y) = -y - 59. Let r(g) = -3*g - 178. Let n(z) = 8*k(z) - 3*r(z). Let f be n(-18). What is the greatest common divisor of f and o?
11
Suppose -203 = -2*a - 37. Let m = a + -56. Suppose -280 = m*g - 32*g. What is the greatest common factor of g and 84?
28
Let j(s) = 4*s**3 - 36*s**2 - s - 7. Let r be j(9). Let g = 35 - r. Calculate the greatest common divisor of g and 357.
51
Let w(r) = -26*r - 22. Let s be w(-5). Suppose 2 = 5*f - s. Let g = f - 16. Calculate the greatest 